alculate a(m).
-177
Let r = 12735 + -12730. Let w(u) = -16*u + 36. Calculate w(r).
-44
Suppose -f = -5*l - 290 + 310, -4 = 2*f - l. Let k(h) be the first derivative of 1/2*h**2 + 0*h**3 - 5/2*h**4 - 17 + f*h. Calculate k(1).
-9
Suppose -5*m - 4*r = -182, 0 = -3*m - 3*r - r + 114. Let a be (2/(-6))/(6 - m/6). Let q(n) = -n**3 - n**3 - 7*n**3 + n**2 - 1. Give q(a).
9
Let b(s) = -7*s + 58. Let n be (5124/(-1128) + (-8)/(-188))*-2. Calculate b(n).
-5
Let d(s) = -s + 1. Let j(c) = -c**3 + 13*c**2 - c + 15. Let o be j(13). Let y be -5 - (-3*11/3 + o). Calculate d(y).
-3
Let f(z) = 8*z**3 + z**2 - 8*z + 18. Let r(v) = -7*v**3 + 8*v - 16. Let d(n) = -6*f(n) - 7*r(n). Give d(7).
-3
Suppose -25765 = -9*z - 25819. Let v(i) = i**3 + 5*i**2 - 2*i - 12. Give v(z).
-36
Suppose i - 20 = -4. Suppose -i = 4*c - 28. Let a(m) = -7*m - 3 - c*m**2 + 3*m + 0*m**2. Determine a(-2).
-7
Let s(r) be the third derivative of -r**5/30 + r**4/4 - r**3/3 - 5*r**2. Suppose 0 = 2*h - 18, -p + 167*h - 22 = 164*h. Give s(p).
-22
Let n(x) be the second derivative of x**5/20 + x**4/2 + x**3/2 + 3*x**2 - 561*x. What is n(-5)?
16
Let y(a) be the first derivative of -3*a**2 - a + 67. Let i = -36 + 62. Suppose -d + i = 2*d - 5*x, 4*x + 22 = 3*d. Give y(d).
-13
Let i be 4/(144/(-114)) + -2*(-3)/36. Let h(k) = -2*k + 3. Let j be (-8)/(-36) + 65/(-9). Let p(x) = 4*x - 6. Let o(g) = j*h(g) - 4*p(g). Give o(i).
9
Let j(r) be the first derivative of -r**2 - 5*r + 9364. Let y be (-2 - (1 + -2))*0. Suppose -i = y, 4*o = 3*i - 5 - 19. Calculate j(o).
7
Let k(s) = -9*s**2 - 21*s - 2. Let u be k(-2). Suppose 0 = -u*p - 47 + 23. Let j(a) = a**3 + 6*a**2 + a + 7. What is j(p)?
1
Let o(a) = 7*a. Let n be (-3)/(3*(-5)/55). Suppose 6*w - 23 + n = 0. Give o(w).
14
Let f(d) = -d**2 - 14*d - 2. Let a(o) = o - 1. Let x(w) = w + 13. Let g be x(-12). Let y(j) = g*f(j) + 6*a(j). Determine y(-7).
-1
Let x(l) = -1 - 6*l**2 + 5*l**2 + 13*l**2 - 6*l**2 - 9*l**2 + 2*l. Let w be 2 + -3 - (-21)/7. What is x(w)?
-9
Let i(h) be the first derivative of 7*h**2/2 - 3*h - 2377. What is i(3)?
18
Suppose 176*o + 3743 = -21*o. Let n(b) = -11*b - 221. Determine n(o).
-12
Let u(t) = -t**3 - 5*t**2 + 4*t + 7. Let n be 12/8*96/(-18). Let p be (-15 - n) + (-6)/(-1*3). Determine u(p).
-13
Let p be -1*((-65)/20 + 2/8). Suppose j + 0*j - 2*s - 13 = 0, 3*s = -3*j + p. Let z(q) = q**2 - 2*q - 7. What is z(j)?
8
Suppose 2*v + v = 3. Let d(h) = h + 6 - 3 + 8 + v. Give d(0).
12
Let j(m) be the third derivative of m**5/60 + 7*m**4/24 + 5*m**3/6 + 6*m**2. Let n be 12 + (-23 - -5) + -2 + 5. Calculate j(n).
-7
Let j(r) = 6*r. Let x be 4 - (6*-10 - -1). Let u be 18/x - (-40)/7. Let m be 8/u*(2 - (-4)/(-8)). What is j(m)?
12
Let z(p) = -p + p**2 - 3 - 2*p + 6. Let u be 6 + (1/(5/20) - 5). Suppose 3 = c + d - 6, -u*d = -c - 21. What is z(c)?
7
Let m(i) = 2 + 11*i**2 + 41*i - 24*i**2 - i**3 - 61*i + 35*i. What is m(-14)?
-12
Let d(v) = 2*v**3 + 10*v**2 - 26*v + 15. Suppose -7*a = -6*b - 6*a - 40, -2*b = -2*a + 10. Determine d(b).
1
Let n be -2*((-10)/(-4))/(-1). Let l(w) be the third derivative of -w**5/60 + w**4/8 + w**2 - 6159*w - 2. What is l(n)?
-10
Let i(z) = -z**2 - 6*z - 8. Let j be i(-4). Let w(g) = g + 9*g + j*g + 10*g. Give w(-1).
-20
Suppose 3*t = -4*a - 35, -7*a - 5 = t - 9*a. Let w be (135/25)/t*-1*5. Let h(z) = -z**3 + 5*z**2 - 3*z + 4. Calculate h(w).
13
Let u(h) be the second derivative of -2*h - 1/6*h**3 + 7/2*h**2 + 5. Give u(13).
-6
Let w(t) = 884*t - 230*t - 207*t - 1 - 222*t - 223*t. What is w(25)?
49
Let a = 27733 - 27728. Let k(c) = 3*c - 5*c - 4*c + 5*c. Determine k(a).
-5
Suppose -4*q = 7*r - 65, r - 26 = q - 23. Let t(w) = -88*w + 362. Determine t(q).
10
Let g(j) = j + 16. Suppose 4*a = -5*d + 41, d + 56*a - 12 = 59*a. Determine g(d).
25
Let b(s) = -s**2 - 9*s + 3. Let f = 322 - 356. Let x = f - -29. Calculate b(x).
23
Let m(w) = 8*w + 1. Suppose 0 = -9*z - 56 - 43. Let x be (-10 - z)/(-1 + 0). Calculate m(x).
-7
Let v(y) = y. Let s(r) = -8*r + 31. Let x be s(4). Let h(l) = 3*l. Let w(z) = -z + 17. Let d be w(11). Let b(p) = d*v(p) + x*h(p). Give b(2).
6
Let j(h) = 9*h - 4. Suppose -14 = 5*x + 2*f, -x - 81*f = -84*f + 13. Determine j(x).
-40
Let s(l) = -38*l**2 + 37*l**2 + 39 + 69 + 6*l + 2*l. What is s(-7)?
3
Let d(l) = -l**2 - 1. Suppose 5*h - 12 + 22 = 0. Let t(a) = 3*a**2 + 1. Let j(w) = h*d(w) - t(w). Let y be 34/10 + 24/(-60) - 5. What is j(y)?
-3
Let i(f) = -32 - 47 + 35*f + 323*f**2 - 322*f**2. Let g be i(-37). Let o(t) = -t - 4. Give o(g).
1
Let r(p) = -p**2 - 4 - 6*p - 30*p + 30*p - 2. Give r(5).
-61
Suppose -109 = -25*r - 9. Let y(q) be the third derivative of -1/12*q**5 + 1/120*q**6 + 0*q - 2/3*q**3 + 9*q**2 + 1/24*q**r + 0. Determine y(5).
1
Let y = 27 - 26. Let q(p) be the second derivative of 0 + 7*p + 0*p**4 - 1/5*p**5 - 1/2*p**2 + 0*p**3. Give q(y).
-5
Let v(y) = -5*y**2 - 14*y + 14. Let z(t) = -t**2 - 96*t + 293. Let f be z(3). Determine v(f).
-10
Let y(v) = v + 2. Let z(n) = 5*n**3 - 2. Let t be z(2). Let a = t - 26. Let r be a/(-3) - (-1 + -1). Calculate y(r).
0
Let r(u) = u**2 + u - 11. Let z(d) = -9*d**3 + 307*d**2 - 35*d + 37. Let s be z(34). Calculate r(s).
1
Let s be ((-15)/10)/((-2)/4). Let a(k) = -1820*k - 21 + 1824*k + 9. Calculate a(s).
0
Let h = 268 - 274. Let v(u) = -u**3 + u**2 - u. Suppose 0 = 3*k + 2*k - 5. Let x(y) = -5*y**3 + 13*y**2 + 1. Let i(p) = k*x(p) - 6*v(p). Determine i(h).
1
Let b(q) = 3*q. Let p be b(1). Let i(y) be the third derivative of y**6/120 - y**5/60 - y**4/12 - y**3/3 - 121*y**2. Give i(p).
10
Let c = -405 - -408. Let d(i) = 4 - i**2 + 5*i**2 + 59*i - c*i**2 - 52*i. Determine d(-5).
-6
Let j(i) = -i**3 - i**2 + 6*i - 5. Suppose -103*p = -12*p - 182. Give j(p).
-5
Let c(s) be the second derivative of s**3/3 - 25*s**2/2 + 20*s. Suppose 68*v - 126 = 59*v. Calculate c(v).
3
Let i(d) = -14*d + 5. Let u(v) = -v**3 + 64*v**2 + 2*v - 125. Let t be u(64). What is i(t)?
-37
Let n(u) = 10 - 33 + 10 + u + 6. Let b(y) = 18*y - 12. Let q be b(1). Give n(q).
-1
Let b(c) = 2*c**3 + 15*c**2 - 468*c + 3. Let y be b(12). Let x(l) be the first derivative of -1/4*l**4 + 14 + 0*l**2 + 2/3*l**3 + y*l. Determine x(3).
-6
Let w be 6*3/54 + 883/(-3). Let m = w + 301. Let u(a) = a**2 - 7*a + 2. Calculate u(m).
2
Suppose 3*o + 20 = 8*o. Let a be 14/(-56) + (-79)/o. Let m be 30/a*(2 - 0). Let y(t) = t**3 + 4*t**2 + 2*t - 4. Determine y(m).
-1
Suppose -o - 14 = 5. Let k(a) = -a**3 - 20*a**2 - 17*a + 40. Let f be k(o). Let m(w) = 4*w + 17*w**2 - 11*w**2 - 5*w**f + 3. Give m(-2).
-1
Let t(a) = -a + 7. Let v = 14 - 10. Suppose v*h = 3*h + 4. Suppose 4*q - 4*f - 40 = 0, q - 6*q = -h*f - 46. What is t(q)?
1
Let m(o) = -962*o**2 - 963*o**2 + 1924*o**2. What is m(3)?
-9
Let k(q) = -11*q**2 - 9*q + 164. Let p(w) = w**2 - 40. Let r(c) = -k(c) - 4*p(c). Give r(-2).
6
Let d(f) = -f**2 - 7*f - 2. Let w be (4 - 7)/(-1)*8. Suppose 50*t + w = 46*t. Calculate d(t).
4
Let y be 115/(2760/(-32)) + 1/3. Let p(x) = -166*x - 163. Calculate p(y).
3
Let g(o) = -o**3 + 10*o**2 + 34*o - 29. Let l(d) = d**3 - 9*d**2 - 30*d + 25. Let v(w) = -2*g(w) - 3*l(w). Give v(9).
19
Let a(w) be the first derivative of -w**2/2 - 40*w + 2381. Give a(-38).
-2
Suppose -110 = -5*u + 135. Let q = u - 44. Suppose 5*p - q = 0, 4*z + 3*p = 5*p - 10. Let o(h) = -h**3 - 2*h**2 - 2*h. Give o(z).
4
Let q(n) = -n**2 - 6*n + 23. Suppose -11*g + 315 = -46*g. Give q(g).
-4
Suppose 3*i - 6 - 7 = 2*l, -5*i + 51 = 4*l. Suppose -2*p - 10 = -i*p. Let w(z) = 11*z + 15 - 4*z - 18. What is w(p)?
11
Let c(g) = -6*g + 11*g**2 + 4*g - 6*g + g - 12*g**2 - 11. Suppose 3*l - 6*l = 24. Calculate c(l).
-19
Let s(j) = j**3 + j**3 + 147*j**2 - 232*j**2 + 92*j**2 - 10 - 5*j. Give s(-4).
-6
Let b be (-76)/(-2)*1311/(-138). Let d = 371 + b. Let u(w) = -2*w + 15. Calculate u(d).
-5
Let x(s) = s - 1. Let y(c) = c**2 - c + 2. Let m(b) = -3*x(b) + y(b). Let l(z) = -2*z + 18. Let r be l(12). Let o be ((-1)/(-2))/(r/(-60)). What is m(o)?
10
Suppose -714 = -2879*c + 2777*c. Let x(t) = -42*t + 298. Give x(c).
4
Let x(d) = -d**2 + 24. Let n(g) = -3*g**2 - 3*g + 72. Let s(b) = 4*n(b) - 11*x(b). Determine s(-13).
11
Let q(x) = 3*x**2 + x + 4. Let m be q(-2). Suppose 10*a - m*a + 452 = 0. Let n(k) = -k**2 + a - 227 - k**2 + 112. Determine n(-2).
-10
Let h(w) = w**2 - 90*w + 1